late the greatest common factor of d and 27.
3
Let y(k) = 11*k**3 + k. Let i be y(2). Let u be (16 - 0)*9/4. What is the greatest common divisor of i and u?
18
Let u = -6 - -2. Let s be (3 - 0)*u/(-3). Suppose -2*o = -2*p + 18, 4*p + s*o - 34 = 2. What is the highest common factor of p and 6?
3
Suppose -26*n + 22*n = -168. Let c = -19 + n. Calculate the highest common factor of 92 and c.
23
Let o(g) = g + 3. Let k be o(0). Suppose -15 = -2*v - k*v. Let r be (v - -1)*(-275)/(-10). What is the highest common factor of r and 11?
11
Suppose 4*o - 8 = 2*o. Suppose b - 42 = o*x + 5, 3*b + 5*x - 209 = 0. Calculate the highest common divisor of 9 and b.
9
Suppose -4*g - 87 = -5*a, g + 4*g = -5*a + 60. Calculate the highest common factor of 105 and a.
15
Let s(q) = q**3 + 17*q**2 - 18*q + 12. Let l be s(-18). Calculate the highest common divisor of l and 24.
12
Let t = -261 + 437. Let r(q) = q**3 + 9*q**2 - 11*q - 6. Let o be r(-10). Suppose -48 = -o*l + l. What is the greatest common divisor of t and l?
16
Let g be ((-120)/(-7))/4*7. Let z = 169 + -109. Suppose -p - 2*p = -z. Calculate the highest common factor of p and g.
10
Let m(u) = -2*u - 12. Let j be m(-17). Suppose 0*i = -3*i + 33. Let g = j - i. Calculate the greatest common divisor of g and 88.
11
Suppose 0 = 14*a - 32 - 10. What is the highest common factor of a and 39?
3
Suppose 4*c = p - 28, p + 2*c + 2 = -0*p. Calculate the greatest common factor of p and 72.
8
Suppose -2*p = 3*p - 300. Let q = 1 + 23. Calculate the highest common divisor of q and p.
12
Let o = 46 + -38. Calculate the highest common divisor of o and 112.
8
Suppose -3*q = -2*s - 66, q + 0*s - 21 = s. Let b = -69 + 129. What is the highest common divisor of q and b?
12
Let j be 7/(-49) + 30/14. Calculate the highest common factor of j and 22.
2
Suppose 4*f - 229 = -73. Calculate the greatest common factor of 52 and f.
13
Suppose 2*u - 7*u = -50. What is the greatest common divisor of 110 and u?
10
Suppose 570 - 108 = 6*g. Calculate the greatest common factor of 7 and g.
7
Suppose -3*a = -8*a + 80. Calculate the greatest common divisor of 80 and a.
16
Let y = 15 + -8. Suppose y*s = 3*s - 8. Let z be (s + -24)*(-4 + 3). What is the highest common divisor of 39 and z?
13
Let z(w) = w**3 - 8*w**2 - 10*w + 11. Let s be z(9). Let u(x) = 10*x - 2. Let a be u(s). Calculate the highest common divisor of 2 and a.
2
Let p be 49/3 - 10/(-15). Let m = -31 + p. Let w be 4/m - (-465)/35. What is the greatest common factor of w and 39?
13
Let t(q) = 28*q. Let g be t(1). Let y = g + -20. Suppose -3*z - z = -2*o + 10, 4*o + 4*z - y = 0. What is the greatest common factor of 3 and o?
3
Suppose -3*g = 4*q - 53, -4*g + g = -3*q - 39. Suppose 0 = -5*n + 3*w + 169, 5*w - 96 = -3*n - g. Let r = 4 - 0. What is the highest common factor of r and n?
4
Suppose s = 5*s - 108. Let k(t) = 12*t**3 - 2*t**2 + 1. Let h be k(1). Let o = s - h. Calculate the greatest common divisor of o and 2.
2
Let w = -15 - -23. Suppose -3*z + 1 = -2. Let g be -2*(-7 - (z + -2)). Calculate the highest common factor of g and w.
4
Let r = 54 - 29. Suppose 8 = -4*w - 16. Let k = -1 - w. What is the greatest common factor of k and r?
5
Let x(d) = 11*d**2 + 2*d - 1. Let c be x(2). Suppose -g = -4*v + 2*g + 46, -3*v - 4*g + c = 0. What is the greatest common divisor of 143 and v?
13
Let h(q) = 31*q - 1. Let r be h(9). Let f = r + -198. What is the greatest common divisor of 20 and f?
20
Suppose 5*k = -4*n - 100, 2*k - 2*n = -0*n - 40. Let c = -7 - k. What is the greatest common divisor of 13 and c?
13
Let f(g) = 26*g**2 - 5*g. Let x be f(4). Suppose x = 3*j + j. What is the greatest common factor of 9 and j?
9
Let w be (-10)/(-2) - (7 - 4). Suppose 5*h + l - 11 = 0, -2*h = 2*h + 5*l - 13. What is the greatest common factor of h and w?
2
Let p(x) = 3*x**2 + 1. Let m be p(2). Let z = m - 9. Let d be 1/2 - (-178)/z. Calculate the highest common factor of d and 30.
15
Let q be (-2 - -11) + 0*(-4)/16. Calculate the greatest common factor of q and 63.
9
Suppose -3*k - 3 = -0. Let o be 1 + k - -12 - -3. What is the greatest common divisor of o and 165?
15
Suppose 0*a - 4*a + 4 = 0. Calculate the greatest common divisor of 4 and a.
1
Let q = 0 - -5. Calculate the highest common divisor of q and 10.
5
Suppose 1 - 10 = -3*t. Let i = t - -1. Let d be 2/(i/14) - 2. What is the greatest common divisor of d and 40?
5
Let x(y) = -y**2 + 8*y + 4. Let q be x(4). What is the greatest common factor of 50 and q?
10
Let y(b) = b**3 + 4*b**2 + 2. Let n be y(-4). Suppose n*w = -4*f - 8, w - 6*w + 40 = -5*f. Calculate the highest common divisor of w and 4.
4
Suppose 9 = g - 79. Calculate the greatest common factor of g and 11.
11
Let g be (4/(-5))/(9/(-1215)). Calculate the highest common factor of 27 and g.
27
Let c = -40 + 55. Suppose j + 1 = 3*k - 0, -2*j - 6 = -4*k. Let l = 12 + j. What is the greatest common factor of c and l?
5
Let f be (10/(-4) + 2)*0. Suppose 4*c = -0*z - z + 158, f = -c - 5. Suppose z = 5*q - 2. Calculate the greatest common factor of 9 and q.
9
Suppose -1239 = 2*d + d. Let q = 666 + d. What is the highest common divisor of q and 23?
23
Let f(y) = -3*y + 16. Let g be f(-2). What is the greatest common divisor of 11 and g?
11
Suppose -3*z + 54 = 4*b, -2*b + 24 - 4 = -2*z. What is the highest common factor of 3 and b?
3
Suppose -s - 25 = -29. Suppose -2*c = -10, -f = s*f + c - 15. What is the greatest common divisor of f and 1?
1
Let r be (16 - -15) + -1 + 1. What is the highest common divisor of 62 and r?
31
Let o(g) = -g**2 - 9*g + 3. Let v be o(-9). Suppose q - 16 = -v*q. Calculate the greatest common divisor of 4 and q.
4
Let b be 1*(-1 + 3) - 87. Let x = b + 153. What is the highest common divisor of x and 17?
17
Suppose -z + 2 = -20. What is the highest common divisor of 22 and z?
22
Let s be (-1)/(1 - (-6)/(-4)). Suppose -s*j + 66 = j. Calculate the greatest common divisor of 22 and j.
22
Suppose 0*q + 2*p = -2*q - 48, -2*q = 4*p + 52. Let t = q - -57. Calculate the highest common divisor of 5 and t.
5
Suppose -6*w + 9 = -3*w. Let p be w - (-263 + 0/(-2)). Suppose p + 163 = 3*h. Calculate the greatest common factor of h and 13.
13
Let n = -24 - -94. Calculate the greatest common factor of 28 and n.
14
Suppose -u = 3*u + 40. Let z(l) = 2*l**2 + 15*l + 15. Let y be z(u). Calculate the highest common divisor of 13 and y.
13
Let m(z) = -z**3 - 15*z**2 + 10*z - 6. Let c be m(-16). Calculate the highest common factor of c and 10.
10
Suppose 0*c = -3*b - 3*c - 69, -5*b - 139 = -c. Let d = -11 + -7. Let h = d - b. What is the greatest common divisor of 18 and h?
9
Suppose -3*r + q = -4, -r + 5*q = 9*q - 10. What is the highest common factor of 10 and r?
2
Suppose 0 = k - 2. Let c be (2/6)/((-8)/(-144)). What is the greatest common divisor of k and c?
2
Let q = 16 - 13. Suppose 0 = q*f - 3*t + 4*t - 4, -5*f + 12 = -t. What is the highest common factor of f and 8?
2
Suppose 0 = -h - 3*d + 113, 2*h = 4*h + 3*d - 217. Calculate the highest common factor of 13 and h.
13
Let s(p) = p**3 + 5*p**2 - p + 7. Let h be s(-5). Let f be 2*-2*(-3)/4. Calculate the highest common factor of h and f.
3
Suppose 15 = -16*l + 21*l, 3*x = -l + 24. Calculate the greatest common divisor of 49 and x.
7
Let d = 15 - 6. Let q be (-4)/(-6) + 66/d. Let i be (46/(-4))/((-2)/q). Calculate the highest common divisor of 23 and i.
23
Let j(i) = 5*i - 11. Let s be j(5). Let k be 976/s + (-18)/(-63). Suppose -2*d - 42 = -5*d. Calculate the greatest common divisor of k and d.
14
Let q be ((-1)/(-3))/((-11)/(-957)). Let z = q + -17. What is the greatest common factor of z and 60?
12
Let a(t) = 5*t - 9. Let y be a(6). Suppose -z = 2*z - 30. Suppose 3*q - 32 - z = 0. Calculate the highest common divisor of y and q.
7
Let f(c) = 4*c**2 + 16*c + 13. Let v be f(-4). Let z be -7*(-2 + 0) - 1. What is the highest common factor of v and z?
13
Let i be 2/6 + (-53)/(-3). Suppose 0*y + 6 = 3*y. Suppose y*w - 4 = 20. What is the greatest common factor of w and i?
6
Let z(r) = 7*r - 42. Let c be z(7). Calculate the highest common divisor of c and 63.
7
Let q be (10 + -16)*(-4)/3. Let a = 0 + 1. Suppose -w + 3*r = q, -w + 4*r = a + 12. What is the highest common factor of 7 and w?
7
Let h be ((-20)/2)/(-1*1). Suppose -12*f = -